{"id":2287,"date":"2020-05-27T11:25:04","date_gmt":"2020-05-27T10:25:04","guid":{"rendered":"https:\/\/novahumanitas.org\/pt\/?page_id=2287"},"modified":"2023-01-23T15:25:16","modified_gmt":"2023-01-23T15:25:16","slug":"formacao-espiritual","status":"publish","type":"page","link":"https:\/\/novahumanitas.org\/pt\/o-que-oferecemos\/formacao-espiritual\/","title":{"rendered":"Forma\u00e7\u00e3o Espiritual"},"content":{"rendered":"<div class=\"fusion-fullwidth fullwidth-box fusion-builder-row-1 nonhundred-percent-fullwidth non-hundred-percent-height-scrolling\" style=\"--awb-background-position:left top;--awb-border-sizes-top:0px;--awb-border-sizes-bottom:0px;--awb-border-sizes-left:0px;--awb-border-sizes-right:0px;--awb-border-radius-top-left:0px;--awb-border-radius-top-right:0px;--awb-border-radius-bottom-right:0px;--awb-border-radius-bottom-left:0px;--awb-padding-bottom:50px;--awb-flex-wrap:wrap;\" ><div class=\"fusion-builder-row fusion-row\"><div class=\"fusion-layout-column fusion_builder_column fusion-builder-column-0 fusion_builder_column_1_6 1_6 fusion-one-sixth fusion-column-first fusion-no-small-visibility\" style=\"--awb-bg-blend:overlay;--awb-bg-size:cover;width:13.3333%; margin-right: 4%;\"><div class=\"fusion-column-wrapper fusion-flex-column-wrapper-legacy\"><div class=\"fusion-clearfix\"><\/div><\/div><\/div><div class=\"fusion-layout-column fusion_builder_column fusion-builder-column-1 fusion_builder_column_2_3 2_3 fusion-two-third\" style=\"--awb-bg-blend:overlay;--awb-bg-size:cover;--awb-margin-bottom:30px;width:65.3333%; margin-right: 4%;\"><div class=\"fusion-column-wrapper fusion-flex-column-wrapper-legacy\"><div class=\"fusion-title title fusion-title-1 fusion-sep-none fusion-title-text fusion-title-size-one\" style=\"--awb-margin-top-small:0px;--awb-margin-right-small:0px;--awb-margin-bottom-small:20px;--awb-margin-left-small:0px;\"><h1 class=\"fusion-title-heading title-heading-left fusion-responsive-typography-calculated\" style=\"margin:0;--fontSize:44;line-height:1.15;\"><strong>A Pessoa e a Transcend\u00eancia<\/strong><\/h1><\/div><div class=\"fusion-text fusion-text-1\"><p>\u2022 No mais profundo de si mesma, cada pessoa pode fazer a experi\u00eancia de realidades transcendentes. Tratam-se de realidades experimentadas como \u00edntimas e imanentes e, ao mesmo tempo, como infinitas, absolutas e transcendentes, isto \u00e9 n\u00e3o redut\u00edveis \u00e0 pessoa e \u00e0 perce\u00e7\u00e3o que ela tem dessas realidades que a transcendem.<\/p>\n<p>\u2022 A \u201cTranscend\u00eancia\u201d \u00e9 designada de diferentes formas pelas pessoas:<\/p>\n<p>&#8211; Alguns chamam-lhe Amor: experimentam-na a n\u00edvel profundo como se esse Amor tivesse uma dimens\u00e3o infinita\u2026 Outros chamam-lhe Verdade: percebem que h\u00e1 uma Verdade vasta e infinita que os ultrapassa (desborda)\u2026 Outros chamam-lhe justi\u00e7a: t\u00eam a intui\u00e7\u00e3o de que h\u00e1 um \u201cmais al\u00e9m\u201d do que se pode realizar para que haja justi\u00e7a na Terra.<br \/>\n&#8211; Outros chamam-lhe Deus (com um nome particular de acordo com a religi\u00e3o). Entendem Deus como uma \u201cPresen\u00e7a\u201d no mais \u00edntimo de si mesmos e t\u00eam consci\u00eancia de que esse Deus os habita e os rodeia por todos os lados.<\/p>\n<p>\u2022 Como muitos autores, particularmente da psicologia humanista, <strong>Novahumanitas<\/strong> reconhece que a rela\u00e7\u00e3o consciente e a experi\u00eancia \u00edntima destas dimens\u00f5es transcendentes, e sobretudo de Deus, cont\u00eam um potencial impressionante para conduzir a pessoa at\u00e9 \u00e0 sua realiza\u00e7\u00e3o total: mantendo-a num cont\u00ednuo movimento de abertura e de busca da plenitude que lhe \u00e9 acess\u00edvel.<\/p>\n<p>\u2022 Nas suas a\u00e7\u00f5es de forma\u00e7\u00e3o, <strong>Novahumanitas<\/strong> respeita profundamente a abertura, ou n\u00e3o, \u00e0 Transcend\u00eancia de cada um dos participantes. N\u00e3o obstante, nas sess\u00f5es espec\u00edficas de \u201cAbertura \u00e0 Transcend\u00eancia\u201d, o Deus em quem <strong>Novahumanitas<\/strong> acredita \u00e9 Deus Trindade, revelado em Jesus Cristo. \u00c9 na experi\u00eancia e na intimidade com Deus Trindade que <strong>Novahumanitas<\/strong> ajuda as pessoas, que o desejam, a viverem uma maior abertura \u00e0 Transcend\u00eancia.<\/p>\n<\/div><div class=\"fusion-sep-clear\"><\/div><div class=\"fusion-separator\" style=\"margin-left: auto;margin-right: auto;margin-top:15px;margin-bottom:35px;width:100%;max-width:170px;\"><div class=\"fusion-separator-border sep-single sep-solid\" style=\"--awb-height:20px;--awb-amount:20px;--awb-sep-color:#4dbd1c;border-color:#4dbd1c;border-top-width:1px;\"><\/div><\/div><div class=\"fusion-sep-clear\"><\/div><div class=\"fusion-title title fusion-title-2 fusion-sep-none fusion-title-text fusion-title-size-one\" style=\"--awb-margin-top-small:0px;--awb-margin-right-small:0px;--awb-margin-bottom-small:20px;--awb-margin-left-small:0px;\"><h1 class=\"fusion-title-heading title-heading-left fusion-responsive-typography-calculated\" style=\"margin:0;--fontSize:44;line-height:1.15;\">Aprofundamento da vida crist\u00e3<\/h1><\/div><div class=\"fusion-text fusion-text-2\"><p>Estes encontros, de um fim de semana, pretendem que os crist\u00e3os aprofundem a sua viv\u00eancia de f\u00e9.<\/p>\n<p><strong>\u2022 Viver hoje o meu Batismo<\/strong><\/p>\n<p><strong>\u2022 A Eucaristia na minha vida<\/strong><\/p>\n<p><strong>\u2022 Viver hoje o Sacramento da Reconcilia\u00e7\u00e3o<\/strong><\/p>\n<p><strong>\u2022 O Advento na minha vida crist\u00e3<\/strong><\/p>\n<p><strong>\u2022 Quaresma, caminho para a P\u00e1scoa<\/strong><\/p>\n<p><strong>\u2022 \u201cTu, quando orares, entra no teu quarto\u2026\u201d<\/strong> (Mt 6,6)<br \/>\n&#8211; Fazer sil\u00eancio, interiorizar-me<\/p>\n<p><strong>\u2022 \u201cEscuta, Israel: O Senhor \u00e9 o teu \u00fanico Deus\u2026\u201d <\/strong>(Dt 6,4)<br \/>\n&#8211; Escutar a Palavra<\/p>\n<p><strong>\u2022 \u201cA semente \u00e9 a Palavra de Deus\u2026\u201d <\/strong>(Lc 8,11)<br \/>\n&#8211; Orar a Palavra: A <em>Lectio Divina<\/em><\/p>\n<\/div><div class=\"fusion-sep-clear\"><\/div><div class=\"fusion-separator\" style=\"margin-left: auto;margin-right: auto;margin-top:15px;margin-bottom:35px;width:100%;max-width:170px;\"><div class=\"fusion-separator-border sep-single sep-solid\" style=\"--awb-height:20px;--awb-amount:20px;--awb-sep-color:#4dbd1c;border-color:#4dbd1c;border-top-width:1px;\"><\/div><\/div><div class=\"fusion-sep-clear\"><\/div><div class=\"fusion-title title fusion-title-3 fusion-sep-none fusion-title-text fusion-title-size-one\" style=\"--awb-margin-top-small:0px;--awb-margin-right-small:0px;--awb-margin-bottom-small:20px;--awb-margin-left-small:0px;\"><h1 class=\"fusion-title-heading title-heading-left fusion-responsive-typography-calculated\" style=\"margin:0;--fontSize:44;line-height:1.15;\"><strong>Experi\u00eancias de Deus: Retiros<\/strong><\/h1><\/div><div class=\"fusion-text fusion-text-3\"><p>Viver seis dias de experi\u00eancia profunda de Deus, no sil\u00eancio e no contacto com a sua Palavra.<\/p>\n<p><strong>\u2022 \u201cTenho sede de Deus&#8230;&#8221;<\/strong> (Sal 42)<br \/>\n&#8211; Orar os salmos<\/p>\n<p><strong>\u2022 \u201cE n\u2019Ele faremos a nossa morada&#8230;&#8221;<\/strong> (Jo 14,23)<br \/>\n&#8211; Experi\u00eancia de Deus-Trindade<\/p>\n<p><strong>\u2022 &#8220;O Pai ama-vos&#8230;&#8221;<\/strong> (Jo 16,27)<br \/>\n&#8211; Viver como filho do Pai-Deus<\/p>\n<p><strong>\u2022 \u201cNem todo o que diz: Senhor, Senhor\u2026\u201d<\/strong> (Mt 7,21)<br \/>\n&#8211; Coer\u00eancia entre a minha f\u00e9 a e a minha vida<\/p>\n<p><strong>\u2022 \u201cE v\u00f3s, como pedras vivas&#8230;\u201d<\/strong> (1Pe 2,5)<br \/>\n&#8211; Viver o meu \u201cser Igreja\u201d<\/p>\n<\/div><div class=\"fusion-sep-clear\"><\/div><div class=\"fusion-separator\" style=\"margin-left: auto;margin-right: auto;margin-top:15px;margin-bottom:35px;width:100%;max-width:170px;\"><div class=\"fusion-separator-border sep-single sep-solid\" style=\"--awb-height:20px;--awb-amount:20px;--awb-sep-color:#4dbd1c;border-color:#4dbd1c;border-top-width:1px;\"><\/div><\/div><div class=\"fusion-sep-clear\"><\/div><div class=\"fusion-clearfix\"><\/div><\/div><\/div><\/div><\/div>\n","protected":false},"excerpt":{"rendered":"","protected":false},"author":1,"featured_media":0,"parent":2169,"menu_order":0,"comment_status":"closed","ping_status":"closed","template":"100-width.php","meta":{"footnotes":""},"class_list":["post-2287","page","type-page","status-publish","hentry"],"aioseo_notices":[],"_links":{"self":[{"href":"https:\/\/novahumanitas.org\/pt\/wp-json\/wp\/v2\/pages\/2287","targetHints":{"allow":["GET"]}}],"collection":[{"href":"https:\/\/novahumanitas.org\/pt\/wp-json\/wp\/v2\/pages"}],"about":[{"href":"https:\/\/novahumanitas.org\/pt\/wp-json\/wp\/v2\/types\/page"}],"author":[{"embeddable":true,"href":"https:\/\/novahumanitas.org\/pt\/wp-json\/wp\/v2\/users\/1"}],"replies":[{"embeddable":true,"href":"https:\/\/novahumanitas.org\/pt\/wp-json\/wp\/v2\/comments?post=2287"}],"version-history":[{"count":14,"href":"https:\/\/novahumanitas.org\/pt\/wp-json\/wp\/v2\/pages\/2287\/revisions"}],"predecessor-version":[{"id":2616,"href":"https:\/\/novahumanitas.org\/pt\/wp-json\/wp\/v2\/pages\/2287\/revisions\/2616"}],"up":[{"embeddable":true,"href":"https:\/\/novahumanitas.org\/pt\/wp-json\/wp\/v2\/pages\/2169"}],"wp:attachment":[{"href":"https:\/\/novahumanitas.org\/pt\/wp-json\/wp\/v2\/media?parent=2287"}],"curies":[{"name":"wp","href":"https:\/\/api.w.org\/{rel}","templated":true}]}}

Formação Espiritual

<div class="fusion-fullwidth fullwidth-box fusion-builder-row-1 nonhundred-percent-fullwidth non-hundred-percent-height-scrolling" style="--awb-background-position:left top;--awb-border-sizes-top:0px;--awb-border-sizes-bottom:0px;--awb-border-sizes-left:0px;--awb-border-sizes-right:0px;--awb-border-radius-top-left:0px;--awb-border-radius-top-right:0px;--awb-border-radius-bottom-right:0px;--awb-border-radius-bottom-left:0px;--awb-padding-bottom:50px;--awb-flex-wrap:wrap;" ><div class="fusion-builder-row fusion-row"><div class="fusion-layout-column fusion_builder_column fusion-builder-column-0 fusion_builder_column_1_6 1_6 fusion-one-sixth fusion-column-first fusion-no-small-visibility" style="--awb-bg-blend:overlay;--awb-bg-size:cover;width:13.3333%; margin-right: 4%;"><div class="fusion-column-wrapper fusion-flex-column-wrapper-legacy"><div class="fusion-clearfix"></div></div></div><div class="fusion-layout-column fusion_builder_column fusion-builder-column-1 fusion_builder_column_2_3 2_3 fusion-two-third" style="--awb-bg-blend:overlay;--awb-bg-size:cover;--awb-margin-bottom:30px;width:65.3333%; margin-right: 4%;"><div class="fusion-column-wrapper fusion-flex-column-wrapper-legacy"><div class="fusion-title title fusion-title-1 fusion-sep-none fusion-title-text fusion-title-size-one" style="--awb-margin-top-small:0px;--awb-margin-right-small:0px;--awb-margin-bottom-small:20px;--awb-margin-left-small:0px;"><h1 class="fusion-title-heading title-heading-left fusion-responsive-typography-calculated" style="margin:0;--fontSize:44;line-height:1.15;"><strong>A Pessoa e a Transcendência</strong></h1></div><div class="fusion-text fusion-text-1"><p>• No mais profundo de si mesma, cada pessoa pode fazer a experiência de realidades transcendentes. Tratam-se de realidades experimentadas como íntimas e imanentes e, ao mesmo tempo, como infinitas, absolutas e transcendentes, isto é não redutíveis à pessoa e à perceção que ela tem dessas realidades que a transcendem.</p>
<p>• A “Transcendência” é designada de diferentes formas pelas pessoas:</p>
<p>&#8211; Alguns chamam-lhe Amor: experimentam-na a nível profundo como se esse Amor tivesse uma dimensão infinita… Outros chamam-lhe Verdade: percebem que há uma Verdade vasta e infinita que os ultrapassa (desborda)… Outros chamam-lhe justiça: têm a intuição de que há um “mais além” do que se pode realizar para que haja justiça na Terra.<br />
&#8211; Outros chamam-lhe Deus (com um nome particular de acordo com a religião). Entendem Deus como uma “Presença” no mais íntimo de si mesmos e têm consciência de que esse Deus os habita e os rodeia por todos os lados.</p>
<p>• Como muitos autores, particularmente da psicologia humanista, <strong>Novahumanitas</strong> reconhece que a relação consciente e a experiência íntima destas dimensões transcendentes, e sobretudo de Deus, contêm um potencial impressionante para conduzir a pessoa até à sua realização total: mantendo-a num contínuo movimento de abertura e de busca da plenitude que lhe é acessível.</p>
<p>• Nas suas ações de formação, <strong>Novahumanitas</strong> respeita profundamente a abertura, ou não, à Transcendência de cada um dos participantes. Não obstante, nas sessões específicas de “Abertura à Transcendência”, o Deus em quem <strong>Novahumanitas</strong> acredita é Deus Trindade, revelado em Jesus Cristo. É na experiência e na intimidade com Deus Trindade que <strong>Novahumanitas</strong> ajuda as pessoas, que o desejam, a viverem uma maior abertura à Transcendência.</p>
</div><div class="fusion-sep-clear"></div><div class="fusion-separator" style="margin-left: auto;margin-right: auto;margin-top:15px;margin-bottom:35px;width:100%;max-width:170px;"><div class="fusion-separator-border sep-single sep-solid" style="--awb-height:20px;--awb-amount:20px;--awb-sep-color:#4dbd1c;border-color:#4dbd1c;border-top-width:1px;"></div></div><div class="fusion-sep-clear"></div><div class="fusion-title title fusion-title-2 fusion-sep-none fusion-title-text fusion-title-size-one" style="--awb-margin-top-small:0px;--awb-margin-right-small:0px;--awb-margin-bottom-small:20px;--awb-margin-left-small:0px;"><h1 class="fusion-title-heading title-heading-left fusion-responsive-typography-calculated" style="margin:0;--fontSize:44;line-height:1.15;">Aprofundamento da vida cristã</h1></div><div class="fusion-text fusion-text-2"><p>Estes encontros, de um fim de semana, pretendem que os cristãos aprofundem a sua vivência de fé.</p>
<p><strong>• Viver hoje o meu Batismo</strong></p>
<p><strong>• A Eucaristia na minha vida</strong></p>
<p><strong>• Viver hoje o Sacramento da Reconciliação</strong></p>
<p><strong>• O Advento na minha vida cristã</strong></p>
<p><strong>• Quaresma, caminho para a Páscoa</strong></p>
<p><strong>• “Tu, quando orares, entra no teu quarto…”</strong> (Mt 6,6)<br />
&#8211; Fazer silêncio, interiorizar-me</p>
<p><strong>• “Escuta, Israel: O Senhor é o teu único Deus…” </strong>(Dt 6,4)<br />
&#8211; Escutar a Palavra</p>
<p><strong>• “A semente é a Palavra de Deus…” </strong>(Lc 8,11)<br />
&#8211; Orar a Palavra: A <em>Lectio Divina</em></p>
</div><div class="fusion-sep-clear"></div><div class="fusion-separator" style="margin-left: auto;margin-right: auto;margin-top:15px;margin-bottom:35px;width:100%;max-width:170px;"><div class="fusion-separator-border sep-single sep-solid" style="--awb-height:20px;--awb-amount:20px;--awb-sep-color:#4dbd1c;border-color:#4dbd1c;border-top-width:1px;"></div></div><div class="fusion-sep-clear"></div><div class="fusion-title title fusion-title-3 fusion-sep-none fusion-title-text fusion-title-size-one" style="--awb-margin-top-small:0px;--awb-margin-right-small:0px;--awb-margin-bottom-small:20px;--awb-margin-left-small:0px;"><h1 class="fusion-title-heading title-heading-left fusion-responsive-typography-calculated" style="margin:0;--fontSize:44;line-height:1.15;"><strong>Experiências de Deus: Retiros</strong></h1></div><div class="fusion-text fusion-text-3"><p>Viver seis dias de experiência profunda de Deus, no silêncio e no contacto com a sua Palavra.</p>
<p><strong>• “Tenho sede de Deus&#8230;&#8221;</strong> (Sal 42)<br />
&#8211; Orar os salmos</p>
<p><strong>• “E n’Ele faremos a nossa morada&#8230;&#8221;</strong> (Jo 14,23)<br />
&#8211; Experiência de Deus-Trindade</p>
<p><strong>• &#8220;O Pai ama-vos&#8230;&#8221;</strong> (Jo 16,27)<br />
&#8211; Viver como filho do Pai-Deus</p>
<p><strong>• “Nem todo o que diz: Senhor, Senhor…”</strong> (Mt 7,21)<br />
&#8211; Coerência entre a minha fé a e a minha vida</p>
<p><strong>• “E vós, como pedras vivas&#8230;”</strong> (1Pe 2,5)<br />
&#8211; Viver o meu “ser Igreja”</p>
</div><div class="fusion-sep-clear"></div><div class="fusion-separator" style="margin-left: auto;margin-right: auto;margin-top:15px;margin-bottom:35px;width:100%;max-width:170px;"><div class="fusion-separator-border sep-single sep-solid" style="--awb-height:20px;--awb-amount:20px;--awb-sep-color:#4dbd1c;border-color:#4dbd1c;border-top-width:1px;"></div></div><div class="fusion-sep-clear"></div><div class="fusion-clearfix"></div></div></div></div></div>
